, 3*r = 4*y - 49. Suppose -10*h + y*h = 804. What are the prime factors of h?
2, 67
Let f be 88/(-4) - (-2 - 0). Let i be ((-7)/4)/((-1)/f). What are the prime factors of ((-4)/7)/(5/i)?
2
Suppose 3*j + 3 = 3. Suppose -5*b - 4*q + 920 = 0, 0 = -3*b - q - j*q + 552. What are the prime factors of b?
2, 23
Suppose -17 = -5*b - r - 179, 3*r - 90 = 3*b. Let v = 32 - b. List the prime factors of v.
2
Let s = 31 + -31. Suppose -5*k = 20, 3*y - 2*y - 5*k - 14 = s. What are the prime factors of 8/y*(-450)/12?
2, 5
Suppose -4*k = 5*h - 2986, -h = -2*k + 831 + 669. Suppose -n - 2*n - 5*x + 784 = 0, k = 3*n - 2*x. What are the prime factors of n?
11, 23
Let k = 725 + -304. List the prime factors of k.
421
Let a be -10*2/((-8)/4)*17. Let p = -83 + a. What are the prime factors of p?
3, 29
Let g(n) = -10*n**3 - 14*n**2 - 24*n - 1. List the prime factors of g(-3).
5, 43
Let o(r) = 7*r**2 + 4*r + 35. Let m be o(-6). Let a = 368 - m. What are the prime factors of a?
3, 5, 7
Suppose c + 5*j - 378 = 0, -20*c + 2*j - 1476 = -24*c. What are the prime factors of c?
2, 23
Suppose 0 = -2*y - 2*v - 1070 + 7632, 5*y - 5*v - 16445 = 0. List the prime factors of y.
3, 5, 73
Let j = -12678 - -6518. List the prime factors of (21/(-27) - -1) + j/(-63).
2, 7
Let t(i) = i + 8. Let n be t(-8). Suppose -6*r = -n*r - 180. List the prime factors of r.
2, 3, 5
Let i be 6/21 + 4400/35 - -4. Let y = 259 - i. List the prime factors of y.
3, 43
What are the prime factors of -68*(315/20)/(-7)?
3, 17
Let z = -359 + 772. What are the prime factors of z?
7, 59
List the prime factors of -6 + 22132/12 + 12/(-9).
11, 167
Suppose -171 = 3*g - 1086. Let l = g - 213. What are the prime factors of l?
2, 23
Suppose -6*u + 5*u = -3*a + 47, -3*u - 141 = -5*a. Let v = -2 - 25. Let q = v - u. What are the prime factors of q?
2, 5
Let f(s) = s**2 - 5*s - 2. Let d(c) = 19*c - 11*c - 7*c - 2*c**2 + 1 - 2*c**3. Let h be d(-2). List the prime factors of f(h).
2, 3
Let h(z) = -299*z**3 + 2*z**2 + 14*z + 13. List the prime factors of h(-1).
2, 3, 5
Let c(u) be the third derivative of -17*u**4/24 + 7*u**3/6 + 2*u**2. Let d be c(6). What are the prime factors of 1/3 - d/3?
2
What are the prime factors of 9896/10 - (6/(-5))/3?
2, 3, 5, 11
Suppose 4*p + 2*j - 4*j - 1712 = 0, p - 5*j - 428 = 0. List the prime factors of p.
2, 107
Suppose 21*r - 50733 = 11616. What are the prime factors of r?
2969
Let n(c) = -5*c**3 + c**2 - 7*c - 1. Let t(j) = -9*j**3 + 2*j**2 - 15*j - 2. Let p(o) = 13*n(o) - 6*t(o). Let r = -4 - -3. What are the prime factors of p(r)?
2, 3
Let z = 0 + 376. What are the prime factors of z?
2, 47
What are the prime factors of 9848/(9 + -5)*4/4?
2, 1231
Suppose -2*z - 1 - 7 = 0. Let k(d) = 5*d**2 - 3*d + 4. List the prime factors of k(z).
2, 3
Let b = 602 + 66. What are the prime factors of b?
2, 167
Let b(l) = -44*l + 577. What are the prime factors of b(8)?
3, 5
Let t be 0 + 1 + 4 + 14. Suppose r = t - 4. What are the prime factors of r?
3, 5
Let h = -85 - -92. What are the prime factors of (-1 - 0)/(h/21) + 29?
2, 13
List the prime factors of (-1 - 2)/9*-885.
5, 59
Let s be (-2)/(-6) - (-35)/3. Let a be s/(-6 - -2) + -135. What are the prime factors of (-1*2)/(12/a)?
23
Let l = -301 + 736. List the prime factors of l.
3, 5, 29
Suppose -523 = -p + 3*r, 169*r - 174*r = -5*p + 2625. What are the prime factors of p?
2, 263
List the prime factors of 20/8*-16*(-2344)/80.
2, 293
Suppose 4*c = -4*o - 156, -2*c - 74 = -o - o. Let a = -54 - c. Let m = a - -22. List the prime factors of m.
2, 3
Let h be ((-1)/(-4))/(2/32). What are the prime factors of (1/h)/((-4)/(-496))?
31
Suppose 11*r + 31*r = 11130. List the prime factors of r.
5, 53
Suppose 6062 = 17*d - 20577. What are the prime factors of d?
1567
Let s = -637 - -2478. What are the prime factors of s?
7, 263
Suppose 361*u = 357*u + 3760. List the prime factors of u.
2, 5, 47
Suppose 37*g = 31*g + 1044. List the prime factors of g.
2, 3, 29
List the prime factors of -5*(10/(-5) + 1) - -1152.
13, 89
Let f(d) = -7*d - 26. Let c(u) = 7*u + 26. Let k(o) = 3*c(o) + 4*f(o). What are the prime factors of k(-16)?
2, 43
Let o(w) = -w**3 - 7*w**2 + 2*w - 4. Let x be o(-7). Let a be (x/45)/((-4)/110). Let i = 50 - a. What are the prime factors of i?
3, 13
Suppose 19 = 4*m - 129. Suppose v = 2*j - j - m, 2*v = -2*j + 78. What are the prime factors of j?
2, 19
What are the prime factors of ((-425)/(-51))/((-1)/(-117))?
3, 5, 13
Suppose -2*r - 21896 = -36*r. List the prime factors of r.
2, 7, 23
Suppose 5*x - 352 = -112. Let u(j) = j**3 + 3*j**2 - 5*j + 2. Let y be u(-4). List the prime factors of (x/20)/(y/20).
2
Let z = -16 + 33. Let j(v) = v**3 - 8*v**2 - 9*v + 1. Let y(p) = 3*p**3 - 24*p**2 - 26*p + 3. Let h(d) = z*j(d) - 6*y(d). What are the prime factors of h(8)?
23
Let z = -50 - -198. List the prime factors of z.
2, 37
Let n be 7 + 3/(-3) + 1. Suppose -y = 4*h - 21, -n*y = -2*y + 5*h - 60. Let l = y - 5. What are the prime factors of l?
2
Suppose t = -3*r - 122 + 22, 2*r = -2*t - 180. What are the prime factors of ((-2)/10)/(1/t)?
17
Let v(q) = 18*q**2 - 51*q - 29. What are the prime factors of v(11)?
2, 397
Let v = -4 - -2. Let u(c) = c**3 + 3*c**2 + 3*c + 2. Let l be u(v). What are the prime factors of -7*(54/(-21) - l)?
2, 3
Suppose 4*h + 22 = 5*h. Suppose -c + 7 + h = 0. What are the prime factors of c?
29
Suppose -5*s + 852 = -1228. List the prime factors of s.
2, 13
Suppose 2*i = 4*i - 3*w + 91, -3*i - w = 153. Let j = i - -114. List the prime factors of j.
2
Suppose 0 = 3*l + 3*p + 408 - 8727, -2*l - 4*p + 5544 = 0. List the prime factors of l.
2, 19, 73
Let c = 3 - 1. Suppose -12 = 148*n - 152*n. List the prime factors of c + 33 - (n + -1).
3, 11
Suppose -36 = -2*c + 5*w, 5*c - c - 48 = 4*w. Let a(d) be the first derivative of d**4/4 - 8*d**3/3 + d**2 + 4*d - 2. List the prime factors of a(c).
2, 5
Suppose 2*s + 5*t + 6 = 0, -s - t = -4*t - 19. What are the prime factors of s?
7
Suppose -q = -390 - 1117. What are the prime factors of q?
11, 137
Let b = 9 - 7. Let z(g) = g**3 + 9*g**2 - 15*g - 20. Let a be z(-10). Suppose 2*j + 4*d = 48, b*d + a = 3*j - 58. What are the prime factors of j?
2, 7
Let a be (-2 - 3) + 2 - 0. Let s be -9 - (-4 + a/(-1)). Let v(r) = -r**3 - 8*r**2 - 2*r - 12. List the prime factors of v(s).
2
Let h(o) = 2*o**2 - 2*o - 1. Let c be h(-1). Let p be (4/2)/((-2)/c). List the prime factors of (-1 + -2)*5/p.
5
Suppose u - 3*u + 4 = 0. Let t(s) = u*s**2 + 4 + 2 - s - 3*s. List the prime factors of t(4).
2, 11
Let b be (6/(-5))/(3/10). Let p be -16*(3 + -6 + 2). Let f = b + p. What are the prime factors of f?
2, 3
Let w(a) = -a**2 + 3*a - 14. Let s be w(-6). Let f = 83 + s. What are the prime factors of f?
3, 5
Let a be -13 + 17 - (1 - -103). Let m = -37 - a. List the prime factors of m.
3, 7
Let a(t) = t. Let f be a(12). Suppose -3*v - v = 4*l - 32, -3*l + 30 = 5*v. Suppose f = v*x - 63. What are the prime factors of x?
5
Suppose 0*d = -4*a + d + 373, 476 = 5*a + 2*d. Let f = a + -49. List the prime factors of f.
3, 5
List the prime factors of (-16)/(832/(-39)) - 14921/(-4).
7, 13, 41
Suppose -n + 2 = -2. Suppose 0 = n*w - 414 + 90. What are the prime factors of w?
3
Let u(j) = 10*j + 85. List the prime factors of u(62).
3, 5, 47
Let h(s) = -s**3 - s**2 + s + 33. Let t be (-3)/12 - (-3)/12. What are the prime factors of h(t)?
3, 11
Suppose s - 4*o = 2505, -3*o = 4*s - 13344 + 3305. What are the prime factors of s?
13, 193
Let g(p) = 14*p - 108. Let l be g(8). Let z = -84 - -180. Suppose -2*h - 5*y + z = 0, 0*h + 5*h - l*y = 174. List the prime factors of h.
2, 19
Suppose -780 = 5*q - 2620. Suppose -2*l + 174 = 5*n, -4*l + q = -n + 6*n. What are the prime factors of l?
97
Let q(p) = 31*p**2 - 3*p - 8. List the prime factors of q(-3).
2, 5, 7
Let p(g) = 3*g**2 - 21*g + 28. Let x be p(10). Suppose -5*q - x = -838. List the prime factors of q.
2, 3
Let o(f) = 3*f**3 - 5*f**2 + 13*f + 15. List the prime factors of o(5).
2, 3, 5, 11
Let x(n) = -2*n**2 + 2*n + 10. Let q be x(-4). Let r(h) = 7*h**3 - h + 1. Let k be r(2). Let w = k + q. List the prime factors of w.
5
Let t = -2401 + 3671. List the prime factors of t.
2, 5, 127
Suppose 2*f + 612 = 2*n + 6*f, 3*n - 954 = 3*f. List the prime factors of n.
2, 157
Suppose 4*n + 350 = 4*k